**2 - 2*r - 9. Let z be h(f). What is the greatest common divisor of z and 21?
21
Suppose -8 = -0*u - 2*u. Let n be ((-115)/4)/((-1)/u). Suppose 3*g + 2*l = n, 0*g = 4*g - 5*l - 115. Calculate the highest common divisor of 14 and g.
7
Suppose -5*x - o = -15, 2*x - 2*o - o - 6 = 0. Let m = 53 - 53. Suppose -3*z + x = m, -2*z + 0*z = -d + 15. What is the greatest common divisor of 153 and d?
17
Suppose -2*l - 12 + 78 = 0. What is the highest common factor of l and 3?
3
Let k(d) = d. Let x be k(0). Suppose 8*b - 3*b - 195 = x. Suppose 0 = -7*z + 4*z + 39. What is the greatest common divisor of z and b?
13
Let h be 7/((5 - 3)/12). What is the greatest common divisor of h and 14?
14
Let c(y) = y**3 + 10*y**2 + 10*y - 2. Let t be c(-7). Calculate the greatest common factor of 25 and t.
25
Let n be 2 + -4 + 4/2. Let u(m) = -4*m. Let v be u(-2). Let c = v - n. What is the highest common divisor of c and 24?
8
Let x be (-4 - -2)/(1 - 2). Suppose -c + x*c - 1 = 0. Let z be (-2)/(1 - (-26)/(-22)). What is the highest common divisor of z and c?
1
Suppose 4*f = -2*n + 36, 2*n + 2*n = 16. Let c be -1 + -2*(-1 - 24). Calculate the highest common factor of c and f.
7
Let q be (-3)/((-6)/2) - 9. Let h be (-195)/(-12) - (-2)/q. Let y be (-1 - -6)*h/5. Calculate the highest common factor of 4 and y.
4
Let c be (349 - -1)*(-1)/(-2). Let d be (-250)/(-30) - 1/3. Let p(t) = 5*t - 15. Let h be p(d). What is the highest common factor of c and h?
25
Let s = 2 + 25. Let d = -11 + s. Suppose 0 = m - 3*y - d, 4*m - 16 - 4 = y. Calculate the greatest common factor of m and 1.
1
Let f = -22 - -27. Suppose 0 = 5*p - 2*q + 408, -3*p + 47 = 3*q + 296. Let d be p/(-2) - (-1)/(-1). What is the greatest common divisor of d and f?
5
Let c(w) = w**2 - 5*w - 3. Let q be c(3). Let k be (-255)/q + (-1)/3. Calculate the highest common divisor of k and 14.
14
Let s(t) = -3*t. Let y be s(-1). Let j be 2 + (-14)/(-2)*3 + -2. Calculate the highest common factor of j and y.
3
Let a(h) = 2*h**2 + 14*h + 11. Let s be a(-11). Calculate the greatest common divisor of s and 11.
11
Let n = -1 - -25. Calculate the highest common factor of 12 and n.
12
Suppose 2*q + 17 = 2*o - 15, 0 = -5*o - 3*q + 80. What is the greatest common divisor of o and 48?
16
Let z be (-2)/8 + 37/4. Let k(w) = -w**3 + 10*w**2 + 3*w - 12. Let f be k(z). What is the greatest common divisor of f and 12?
12
Let k(u) = 3*u - 14. Let q be k(11). Suppose b = 2*b - q. Calculate the greatest common factor of 171 and b.
19
Let q be (10/3 + -3)/(6/198). What is the highest common divisor of 77 and q?
11
Suppose 4*h + 110 = 42. Let o = h - -65. Suppose 2*k - 3 = 3*m + 12, m = -3*k + 17. Calculate the highest common divisor of o and k.
6
Let w(p) be the third derivative of p**4/24 - 2*p**3/3 + p**2. Let o be 184/18 + (-6)/27. Let m be w(o). What is the greatest common divisor of 4 and m?
2
Suppose 0*i + 3*i = 288. What is the highest common divisor of i and 16?
16
Let n = -28 + 29. Calculate the highest common factor of 3 and n.
1
Let c be (-1)/(-3) - 82/3. Let h be 54/((c/30)/(-3)). Let v(k) = -k**3 - 5*k**2 + 3*k + 2. Let w be v(-6). What is the greatest common divisor of w and h?
20
Let l be ((-32)/(-3))/((-24)/(-324)). Calculate the greatest common factor of 16 and l.
16
Let x be (4 - 4) + (-14)/2. Let s = -9 - x. Let r = s + 5. What is the highest common factor of 24 and r?
3
Suppose 285 = 36*p - 17*p. Let g = 32 + -22. Calculate the greatest common factor of p and g.
5
Let y(z) = -z - 1. Let d(v) = 6*v + 12. Let b(c) = -d(c) - 4*y(c). Let q be b(-6). Calculate the highest common factor of q and 16.
4
Let p be 1/1 + (1 + 7)/2. Let o be 0 + 0 + 4/2. Suppose o*d - 4*d + 80 = 0. What is the greatest common factor of p and d?
5
Suppose -196 - 83 = -2*r + m, -3*r - 3*m = -405. Let w = 2 + r. Let k = 17 - -3. Calculate the greatest common factor of k and w.
20
Suppose -3*j + 4*k + 195 = 2*j, 5*j = -4*k + 195. Let w = j + -23. What is the greatest common factor of w and 4?
4
Suppose -5*r - 385 = -5*b, -3*b = 3*r - 106 - 143. Calculate the highest common divisor of b and 10.
10
Suppose 1 - 7 = -2*d. What is the highest common divisor of 21 and d?
3
Suppose 0 = 4*p - 23 + 7. Let y be p/(-18) - 140/(-63). What is the highest common divisor of 14 and y?
2
Suppose -8*j = -108 - 60. What is the greatest common factor of j and 231?
21
Let k(y) = 6*y - 6. Let w be k(6). Suppose -6*z = -3*z - w. Suppose 0*h = h - 5. What is the greatest common divisor of h and z?
5
Suppose -2*r + 72 = 2*r. Calculate the greatest common factor of r and 6.
6
Suppose -k = g + 25, 3*g - 3*k = g - 50. Let j = 17 + g. Let x = j - -28. Calculate the highest common factor of x and 20.
20
Let d(f) = f**2 + 41*f**3 - 3 + 3. Let z be d(1). Let q = 8 - -6. Calculate the highest common divisor of q and z.
14
Let i = 22 - 14. Let y = 13 - i. Let z(f) = 3*f**3 - f**2 + 2*f + 1. Let g be z(2). What is the highest common factor of g and y?
5
Suppose -d - 3*d - 40 = 0. Let c(o) = o**3 + o**2 + o + 2. Let g be c(-2). Let a = g - d. What is the greatest common divisor of 9 and a?
3
Let w be 6/(-4)*222/(-9). Let q = w - 23. Suppose -2*p = -4*f + p + q, 5*p - 35 = -5*f. What is the greatest common factor of f and 2?
1
Let s = -29 + 41. Let i be ((-78)/(-8))/(3/s). Calculate the greatest common factor of i and 13.
13
Let o be 177/15 - ((-4)/(-20))/(-1). What is the greatest common divisor of o and 84?
12
Let a = 194 - 4. Suppose 4*v = 8, -2*t - v + a = v. What is the highest common factor of t and 62?
31
Let f be (-5)/(-10) - (-19)/2. Suppose -3*y + 3 = 5*b + f, 5*b + y = 1. Let c be (-4)/18 + (-38)/(-9). Calculate the greatest common divisor of c and b.
1
Suppose -2*c = -3*c + 48. Calculate the greatest common factor of 16 and c.
16
Suppose -11 - 4 = -d. Suppose -2*s = -3 - d. Calculate the greatest common factor of s and 6.
3
Let m(h) = -h - 3. Let j be m(-5). Suppose -7*v + 50 = -j*v. Calculate the highest common factor of 10 and v.
10
Let r be 22/2 + -1 + -2. Let o be ((-3)/2)/((-6)/r). Suppose 0 = -0*z - 3*z - o*d + 55, 2*z - 32 = d. Calculate the greatest common divisor of 34 and z.
17
Let g(o) = -o**2 - 7*o + 14. Let m be g(-8). Calculate the highest common divisor of m and 222.
6
Let v(f) = -11*f - 5. Let r = -10 - -7. Let d be v(r). What is the highest common divisor of 14 and d?
14
Suppose -4*y = -2*i + 14, -i = 4*i - 2*y - 27. What is the highest common divisor of 10 and i?
5
Suppose -8 = -p - 2. Suppose -p = -2*w + 6. Calculate the highest common divisor of 2 and w.
2
Let i = -7 - -1. Let r be (-61)/2*i*1. Suppose -5*g = -r + 23. Calculate the greatest common factor of g and 48.
16
Let w(p) = p**2 + 5*p - 8. Let j be w(-6). Let o be (j + 0)/(6/(-36)). What is the highest common divisor of 24 and o?
12
Let y be 2 + 23 + 1 + -5. What is the greatest common divisor of 3 and y?
3
Let m(v) be the third derivative of -23*v**4/24 + 5*v**3/3 + 4*v**2. Let c be m(-5). What is the highest common divisor of 25 and c?
25
Let b(n) = -3*n + 6. Let r be b(-5). Calculate the highest common factor of 21 and r.
21
Let b(j) = j + 7. Let s be b(7). Let k = 9 + -4. Suppose -s = -k*p + 6. What is the greatest common divisor of p and 36?
4
Suppose 36 = 2*k - 32. Suppose -98 = -4*o - k. Let g = 40 + -24. What is the greatest common divisor of g and o?
16
Suppose 0 = 7*d - 9*d + 6. Suppose d*z = 166 - 31. Calculate the highest common divisor of 5 and z.
5
Let f = -17 + 8. Let u(q) = -q**3 - 10*q**2 - 10*q - 8. Let h be u(f). What is the highest common factor of 1 and h?
1
Let h be (-24)/(-1)*1 + -3. Let x = h + -13. Calculate the highest common factor of x and 32.
8
Suppose -5*m + 48 = 8. Suppose -m*v + 24 = -6*v. What is the highest common factor of v and 36?
12
Let p = 330 - 234. Calculate the highest common divisor of 144 and p.
48
Suppose -4*s = o - 40, -2*o + 11 = 3. Let l(c) = c**2 - 3*c - 12. Let f be l(s). Calculate the highest common divisor of f and 7.
7
Let r = -43 - -22. Let t = r - -32. Calculate the greatest common divisor of t and 88.
11
Suppose -5*f + 8 + 7 = 0, -4*h = -4*f - 84. What is the greatest common factor of h and 6?
6
Let y be 27/2 + 6/(-12). What is the highest common factor of y and 39?
13
Let q(r) = r**3 - 6*r**2 + 2*r - 7. Let d be q(6). Suppose -d*c + 33 = 3. L